 = 3*i - 35. Calculate u(9).
-8
Let j(f) = 4*f - 46. What is j(-16)?
-110
Let s(g) = -g**2 - 10*g - 16. What is s(-10)?
-16
Let n(m) = -2*m**3 - 20*m**2 - 19*m - 10. What is n(-9)?
-1
Let b(w) = w**3 + 7*w**2 + w - 1. Determine b(-7).
-8
Let f(p) = p + 27. Determine f(-34).
-7
Let i(y) = 24*y - 90. Give i(4).
6
Let g(a) = -a**3 - 23*a**2 - 27*a + 27. Determine g(-22).
137
Let g(v) = v**2 + 30*v + 113. Calculate g(-25).
-12
Let i(p) = 84*p - 254. Give i(3).
-2
Let r(y) = 5*y - 30. Give r(2).
-20
Let g(x) = 5*x**3 - 5*x - 5. Calculate g(-1).
-5
Let n(q) = 17*q**2 - 287*q - 40. Determine n(17).
-6
Let y(h) = 11*h + 1. Determine y(-3).
-32
Let t(b) = 5*b**2 + 44*b + 28. What is t(-8)?
-4
Let d(h) = -6*h - 41. Calculate d(-3).
-23
Let v(h) = -h + 39. What is v(-2)?
41
Let l(t) = -3*t**2 + 72*t - 136. Calculate l(22).
-4
Let y(b) = -b**3 + 7*b**2 - 15. Give y(7).
-15
Let d(v) = -v**3 + 22*v**2 + 24*v - 52. Calculate d(23).
-29
Let u(m) = -2*m**2 - 66*m - 63. Calculate u(-32).
1
Let j(q) = -4*q**2 + 8*q + 3. Give j(4).
-29
Let g(s) = -16*s**2 + 7*s - 4. What is g(3)?
-127
Let a(n) = -22*n - 2. Calculate a(-6).
130
Let n(o) = -3*o**2 + 13*o - 12. Give n(1).
-2
Let p(d) = d**3 - 18*d**2 - 4*d + 10. Determine p(18).
-62
Let m(z) = -5*z - 41. Determine m(-9).
4
Let g(w) = -w**2 - 12*w - 23. What is g(-10)?
-3
Let u(h) = -h**3 + 17*h**2 - 16*h + 6. Calculate u(16).
6
Let g(f) = 6*f**2 + 2*f. What is g(-2)?
20
Let d(t) = 60*t**3. Calculate d(-1).
-60
Let h(o) = -7*o - 77. Determine h(-10).
-7
Let w(l) = -l**2 - 5*l + 13. Calculate w(-8).
-11
Let w(z) = z**2 - 9*z + 1. What is w(10)?
11
Let g(b) = 12*b + 46. Give g(-3).
10
Let h(z) = z**2 + 2*z - 8. Give h(-4).
0
Let a(r) = -r**2 + 7*r + 9. Calculate a(-2).
-9
Let b(x) = -3*x. What is b(-1)?
3
Let q(s) = 2*s**2 + 7*s - 3. What is q(-4)?
1
Let p(n) = -n**3 + 7*n**2 + 17*n - 10. Calculate p(9).
-19
Let k(u) = -u + 6. What is k(13)?
-7
Let i(c) = 9*c**2 - c. What is i(1)?
8
Let c(o) = -16*o + 194. What is c(12)?
2
Let u(o) = 17*o**2 - 308*o + 47. Give u(18).
11
Let m(w) = -23*w + 218. Determine m(9).
11
Let l(p) = p**2 - 6*p - 14. Give l(7).
-7
Let u(j) = -3*j**3 - 23*j**2 + 6*j - 22. What is u(-8)?
-6
Let u(h) = h**2 - 4*h + 1. Determine u(5).
6
Let z(d) = -d**2 + 39*d - 269. Calculate z(30).
1
Let w(j) = -j**3 + 11*j**2 + j - 3. What is w(11)?
8
Let d(m) = -m**3 + 38*m**2 - 45*m + 300. Calculate d(37).
4
Let b(r) = r**2 + 20*r + 50. Give b(-3).
-1
Let s(i) = i**2 + 24*i + 45. Calculate s(-21).
-18
Let y(k) = k**3 - 10*k**2 + 10*k - 2. Determine y(8).
-50
Let q(n) = 2*n**3 + n**2 + 2*n + 11. Determine q(0).
11
Let u(y) = -4*y**2 - y + 2. Calculate u(2).
-16
Let f(o) = o**2 + 11*o - 9. Determine f(-12).
3
Let b(x) = 18*x + 41. Calculate b(-2).
5
Let r(t) = 4*t + 67. What is r(-18)?
-5
Let w(t) = -t**3 - 42*t**2 - 44*t - 116. What is w(-41)?
7
Let k(x) = -x - 5. Give k(-3).
-2
Let i(s) = s**3 - s**2 - 3*s - 42. Give i(0).
-42
Let s(k) = -4*k + 29. Give s(9).
-7
Let a(g) = 16*g + 49. What is a(-13)?
-159
Let h(n) = -6*n**3 - 3*n**2 - 2*n - 1. Calculate h(-2).
39
Let c(a) = -7*a**2 - 4*a - 1. Determine c(-3).
-52
Let q(z) = 5*z + 1. Calculate q(5).
26
Let r(s) = 3*s**2 + 10*s - 6. Calculate r(-5).
19
Let v(q) = -q**3 - 10*q**2 - 15*q + 14. Give v(-8).
6
Let z(m) = -m**2 - 5*m - 4. Determine z(-7).
-18
Let u(f) = -f**3 + 2*f**2 + 10*f - 18. What is u(3)?
3
Let p(z) = -z**3 - 7*z**2 + z + 2. Calculate p(-6).
-40
Let w(s) = -2*s**2 - 13*s + 6. Calculate w(-13).
-163
Let v(w) = -w**3 - 11*w**2 - 41*w - 14. What is v(-6)?
52
Let c(x) = 59*x - 31. Calculate c(1).
28
Let w(d) = -12*d**2 + 11*d - 5. What is w(3)?
-80
Let j(t) = -t**2 + 3. Determine j(-5).
-22
Let b(f) = -f**3 - 19*f**2 + 18*f - 38. What is b(-20)?
2
Let s(w) = -4*w - 6. Give s(-4).
10
Let h(p) = -5*p + 21. Give h(4).
1
Let u(f) = -8*f**2 - 2*f + 2. Calculate u(1).
-8
Let a(r) = 2*r**2 - 17*r - 10. Calculate a(10).
20
Let o(f) = -f**2 - 11*f - 13. Calculate o(-9).
5
Let n(c) = -36*c**2 - c + 2. What is n(-1)?
-33
Let i(o) = 15*o + 110. What is i(-7)?
5
Let f(d) = -2*d. Calculate f(1).
-2
Let i(j) = 10*j**3 - j + 6. Calculate i(2).
84
Let f(a) = 8*a + 20. Calculate f(-4).
-12
Let h(y) = y + 13. What is h(-6)?
7
Let w(f) = 3*f + 6. Determine w(-3).
-3
Let j(a) = -4*a + 39. Calculate j(12).
-9
Let y(d) = 4*d**3 + 4*d**2 + 4*d + 5. Determine y(-3).
-79
Let i(y) = y**3 - 8*y**2 + 14*y - 4. Determine i(6).
8
Let v(d) = 2*d - 26. Calculate v(-7).
-40
Let z(s) = 13*s + 79. Determine z(-6).
1
Let d(j) = -j**3 + 7*j**2 - 10*j - 4. Give d(5).
-4
Let q(p) = -2*p**3 - 19*p**2 - 10*p - 12. Calculate q(-9).
-3
Let x(m) = -m**2 + 3. What is x(3)?
-6
Let a(l) = 23*l**2 - 43*l + 41. Give a(1).
21
Let r(h) = h**2 + 7*h - 22. Calculate r(5).
38
Let t(h) = h**3 + 11*h**2 + 21*h + 15. Calculate t(-9).
-12
Let p(w) = -4*w - 123. Calculate p(-31).
1
Let m(p) = p**2 + 36*p - 58. What is m(-37)?
-21
Let c(r) = -6*r. Give c(-7).
42
Let i(l) = -2*l + 1. Calculate i(3).
-5
Let c(g) = 3*g**2 - 4*g - 5. Determine c(-2).
15
Let c(k) = -k**3 + 16*k**2 - 35*k - 49. What is c(13)?
3
Let i(o) = -o - 5. Determine i(-1).
-4
Let i(n) = n**3 + 9*n**2 - 8*n + 5. What is i(-10)?
-15
Let p(g) = -21*g - 483. Give p(-25).
42
Let q(k) = k**3 - 3*k**2 + 8. Determine q(3).
8
Let i(r) = -r**2 + 3*r + 49. Give i(8).
9
Let u(r) = -r**3 + 8*r**2 - 7*r + 16. Determine u(5).
56
Let q(u) = -u**2 + 12*u + 28. Determine q(14).
0
Let u(o) = o**3 + 8*o**2 + 14*o + 5. Determine u(-6).
-7
Let s(d) = d**3 + 4*d**2 - 11*d - 4. Calculate s(-6).
-10
Let d(k) = -k**3 + 3*k**2 + k - 1. What is d(-2)?
17
Let o(z) = -144*z**2 - 4*z + 3. What is o(1)?
-145
Let d(s) = 12*s**2 - 53*s + 12. What is d(4)?
-8
Let z(a) = -25*a - 1. Calculate z(1).
-26
Let s(b) = -2*b - 3. Determine s(-3).
3
Let d(x) = -25*x + 234. What is d(10)?
-16
Let a(l) = 2*l**2 + 4*l - 13. Calculate a(-7).
57
Let w(o) = 2*o**3 - 24*o**2 + 3*o + 31. What is w(11)?
-178
Let o(m) = -m**3 + 20*m**2 - 33*m - 39. What is o(18)?
15
Let k(o) = -2*o - 19. Determine k(-8).
-3
Let i(q) = -q**2 + 5*q + 4. What is i(9)?
-32
Let a(x) = -205*x. Give a(1).
-205
Let j(x) = 2*x**2 + 10*x + 7. Give j(-6).
19
Let n(d) = -2*d**2 - 11*d + 6. Give n(-6).
0
Let n(h) = -13*h**2 - 1. Calculate n(1).
-14
Let u(f) = 2*f. Determine u(4).
8
Let m(t) = t**2 - 11*t + 12. What is m(9)?
-6
Let q(o) = o**3 - 8*o**2 + o - 3. Calculate q(8).
5
Let h(t) = t**3 - 15*t**2 - 16*t + 27. Calculate h(16).
27
Let b(r) = r**2 + 4*r + 1. What is b(-5)?
6
Let u(b) = b**2 + 13*b + 14. Give u(-11).
-8
Let l(r) = -2*r**3 - 3*r**2 + 52*r - 8. Determine l(-6).
4
Let x(v) = -2*v + 55. What is x(0)?
55
Let k(f) = 27*f + 122. Give k(-4).
14
Let g(v) = v**3 - v**2 + 3*v + 1. Calculate g(3).
28
Let v(f) = -f**3 - 13*f**2 + 13*f - 17. Calculate v(-14).
-3
Let w(m) = -m**3 - 28*m**2 - 77*m - 45. Give w(-25).
5
Let b(x) = x**3 + 11*x**2 - 18*x - 64. Give b(-12).
8
Let a(s) = -6*s - 19. Calculate a(11).
-85
Let m(h) = 27*h**2 - 2*h - 2. Calculate m(-1).
27
Let a(z) = -9*z**2 - z. Determine a(1).
-10
Let b(l) = 2*l + 60. Determine b(-34).
-8
Let b(j) = 2*j**2 - 6*j - 4. What is b(5)?
16
Let v(b) = b**3 - 2*b**2 - b + 6. Calculate v(2).
4
Let h(q) = 4*q + 14. Give h(7).
42
Let i(n) = n**2 - 12*n + 6. Give i(3).
-21
Let y(r) = -r**2 + 24*r - 90. Give y(19).
5
Let z(p) = 2*p**2 - 17*p - 11. What is z(9)?
-2
Let k(t) = -t**3 + t**2 + 2*t + 3. Calculate k(0).
3
Let l(c) = 3*c + 21. What is l(-15)?
-24
Let j(n) = -8*n. Give j(-1).
8
Let z(c) = -c**3 - 8*c**2 - 7*c + 6. What is z(-6)?
-24
Let z(s) = -3*s - 1. Calculate z(-3).
8
Let r(g) = -25*g - 108. Give r(-5).
17
Let s(w) = w**2 + 3*w - 2. Calculate s(-2).
-4
Let t(c) = -2*c**2 - 55*c + 90. Determine t(-29).
3
Let d(i) = i**2 - 3*i + 1. Determine d(2).
-1
Let p(t) = t**3 - 7*t**2 - 3*t + 9. Calculate p(6).
-45
Let y(b) = 10*b - 6. Give y(4).
34
Let o(x) = x**3 - 11*x**2 + 2*x - 16. Give o(11).
6
Let a(q) = q**3 - 7*q**2 - q + 8. Give a(7).
1
Let p(r) = 3*r**2 + 6*r - 56. What is p(-5)?
-11
Let x(s) = 15*s**2 + 2*s - 2. Determine x(1).
15
Let t(y) = y + 59. What is t(-41)?
18
Let u(s) = s + 9. Calculate u(-2).
7
Let h(x) = -x**2 + 2*x - 2. Determine h(-3).
-17
Let p(k) = -k**2 + 12*k - 26. What is p(11)?
-15
Let j(z) = -2*z - 13. Calculate j(-8).
3
Let p(l) = 2*l**2 - 